0000111
In base 9, what is -180214 + -3?
-180217
In base 7, what is 12504 + -23?
12451
In base 3, what is 10211021221 - 2?
10211021212
In base 7, what is -2406 - -324?
-2052
In base 6, what is 4324143 - -1?
4324144
In base 12, what is 1 + -22716?
-22715
In base 4, what is 13 - -3023301?
3023320
In base 4, what is 22 + 1121230?
1121312
In base 10, what is 3 - -28098?
28101
In base 2, what is 0 - 10001000100010?
-10001000100010
In base 15, what is -3 - 384?
-387
In base 6, what is 25 - -3514?
3543
In base 6, what is -25203114 - -5?
-25203105
In base 14, what is -9a8 - 1?
-9a9
In base 4, what is 1030130 + -20?
1030110
In base 2, what is 1000 + 1111101010?
1111110010
In base 7, what is -2421260 - -3?
-2421254
In base 9, what is -21531 + -44?
-21575
In base 2, what is -111101 - -101001001?
100001100
In base 12, what is -a81 - 12a?
-bab
In base 8, what is -1170 + 13?
-1155
In base 3, what is 21 - 120202011?
-120201220
In base 15, what is 22 + -365?
-343
In base 15, what is -c + 5bba?
5bad
In base 15, what is 41 - 3c4?
-383
In base 10, what is 14 + 40679?
40693
In base 16, what is -1 - 967?
-968
In base 15, what is 1 - -14d477?
14d478
In base 2, what is -111 + -111001110000000?
-111001110000111
In base 14, what is 8aaa7 - 5?
8aaa2
In base 16, what is -1fed + 1b?
-1fd2
In base 3, what is -2002010002 + 12?
-2002002220
In base 7, what is 2152362 + 3?
2152365
In base 12, what is -2 + -234939?
-23493b
In base 15, what is 15d - -40a?
568
In base 9, what is 15 - 160363?
-160347
In base 11, what is 7 - -540?
547
In base 2, what is -111 - 100010010001?
-100010011000
In base 15, what is 545 + e3?
638
In base 4, what is 20123002 - -10?
20123012
In base 6, what is 5200 + -3?
5153
In base 3, what is -2211222221 + 2111?
-2211220110
In base 3, what is 201212221202 - 0?
201212221202
In base 11, what is 48703 - -4?
48707
In base 2, what is 0 - -10000000010100?
10000000010100
In base 3, what is 1 + -1200211012?
-1200211011
In base 3, what is 221221220121 + -2?
221221220112
In base 8, what is 50465 + -2?
50463
In base 5, what is -11432 + -1?
-11433
In base 15, what is 2e5dd7 - 2?
2e5dd5
In base 3, what is 20202211112 + -12?
20202211100
In base 11, what is 19595 - 2?
19593
In base 13, what is -123b52 - -3?
-123b4c
In base 4, what is 11 - -331203212?
331203223
In base 16, what is -1 - -1bac?
1bab
In base 2, what is -100 + -1010010011111111000?
-1010010011111111100
In base 2, what is 11110111 - 11100110000?
-11000111001
In base 3, what is 21001 + 2021?
100022
In base 14, what is 4 - -532db?
53301
In base 15, what is -6267 - -11?
-6256
In base 2, what is -110110000010 + -10?
-110110000100
In base 11, what is -1176 - -288?
-999
In base 8, what is -423 + 60?
-343
In base 16, what is -10dc2 + a?
-10db8
In base 14, what is -b0 + 214c?
207c
In base 3, what is -12 + 1010021121022?
1010021121010
In base 13, what is -2 + -22ab?
-22b0
In base 13, what is 0 + 96978?
96978
In base 4, what is 33000 - 320?
32020
In base 13, what is -3 + 16ac9?
16ac6
In base 12, what is 80 - -242?
302
In base 7, what is -16130 - -15?
-16112
In base 16, what is d04 + 6b?
d6f
In base 12, what is 2 - 22233?
-22231
In base 2, what is 100 - -11010010100100?
11010010101000
In base 15, what is -465 - 12?
-477
In base 16, what is -10 + -4ac6?
-4ad6
In base 13, what is 7415 + 10?
7425
In base 4, what is -11 - -333200133?
333200122
In base 4, what is -132 - 3020021?
-3020213
In base 6, what is -1 + -400322?
-400323
In base 2, what is 10100111111 - 1?
10100111110
In base 6, what is -10001321 + 3?
-10001314
In base 9, what is 11406 - 33?
11363
In base 2, what is 11110000101101 - -1?
11110000101110
In base 12, what is 18b - 715?
-546
In base 5, what is -110301 + 420?
-104331
In base 2, what is -101000101 - 110111111?
-1100000100
In base 15, what is -32c3b + 0?
-32c3b
In base 5, what is -1030331 + -44?
-1030430
In base 6, what is 201400 + -2?
201354
In base 5, what is 102 + 232000?
232102
In base 13, what is -287 + 110?
-177
In base 9, what is -335462 + -4?
-335466
In base 15, what is -1c - 371b?
-3738
In base 16, what is -5 + 393b4?
393af
In base 6, what is 430 - -1403?
2233
In base 16, what is -7a5 + -1e9?
-98e
In base 5, what is 10 + -243311?
-243301
In base 15, what is -3 + 190600?
1905ec
In base 5, what is 140214 - -4?
140223
In base 16, what is -6da8 - 14?
-6dbc
In base 5, what is 43 + 30030?
30123
In base 12, what is -86a - -28?
-842
In base 2, what is 100001 + 10000101100010?
10000110000011
In base 8, what is 77 - -62053?
62152
In base 11, what is -129 + 571?
443
In base 2, what is -1010111000101100110 - 11?
-1010111000101101001
In base 7, what is -325224 - -5?
-325216
In base 15, what is 33124e - 4?
33124a
In base 13, what is -5 - -473c9?
473c4
In base 12, what is -737a - 4?
-7382
In base 10, what is 49325 - -1?
49326
In base 7, what is 5 + -4452231?
-4452223
In base 6, what is 10034 - 44?
5550
In base 13, what is 4 + bc8?
bcc
In base 11, what is 7811 - -4?
7815
In base 5, what is 1 + 31431131?
31431132
In base 10, what is 50 + 1064?
1114
In base 4, what is 3303 - 1103110?
-1033201
In base 4, what is -3122 - -1211320?
1202132
In base 7, what is 10103050 - 0?
10103050
In base 8, what is -40602 + -1?
-40603
In base 2, what is -100111000010111 - -1?
-100111000010110
In base 11, what is 110a + -a?
1100
In base 8, what is 433 + 1577?
2232
In base 11, what is -5 - -13270?
13266
In base 16, what is -844 - -7af?
-95
In base 5, what is -2 + 1031241?
1031234
In base 6, what is -1443522 - -2?
-1443520
In base 2, what is -110110010111 - -110111?
-110101100000
In base 16, what is 260f - 4?
260b
In base 10, what is -183 + -4209?
-4392
In base 10, what is -181 - 5331?
-5512
In base 8, what is 5212354 - -5?
5212361
In base 16, what is -32 - 778?
-7aa
In base 16, what is 3 + 10f3?
10f6
In base 14, what is 1d - -2c2?
301
In base 15, what is -2 - -10bc?
10ba
In base 11, what is -2a - -a48?
a19
In base 8, what is 12755 + -173?
12562
In base 10, what is -63169 + -38?
-63207
In base 10, what is 5 + 168?
173
In base 8, what is -161762 + 4?
-161756
In base 14, what is -18305 - 6b?
-18372
In base 7, what is -21603 - -5?
-21565
In base 10, what is 182 - -93?
275
In base 12, what is 111 - -49?
15a
In base 13, what is 25 - 2491?
-2469
In base 14, what is -3 - 256b8?
-256bb
In base 7, what is 524056 - 10?
524046
In base 12, what is 518 + -a88?
-570
In base 7, what is -31 + 41611?
41550
In base 7, what is 2 - -1325446?
1325451
In base 2, what is 1111010100000 - 11011000?
1110111001000
In base 15, what is 34 + 3e30?
3e64
In base 2, what is -1110101100110010 + 1?
-1110101100110001
In base 10, what is 6753 + 0?
6753
In base 2, what is 100000010101101000 - 101?
100000010101100011
In base 13, what is 8 - -180c?
1817
In base 9, what is -68063 + 4?
-68058
In base 14, what is -5 - -7d503?
7d4dc
In base 2, what is -100 - 10000011101010?
-10000011101110
In base 6, what is 411110 + -14?
411052
In base 5, what is 1443123 + -42?
1443031
In base 9, what is -4 + -152363?
-152367
In base 15, what is -6 - 486d?
-4874
In base 13, what is -126 + -a3?
-1c9
In base 6, what is 13 + -2154102?
-2154045
In base 6, what is 130 + -2403?
-2233
In base 4, what is -202020 - 1?
-202021
In base 2, what is -110 + -10111000?
-10111110
In base 5, what is -30032420 + -2?
-30032422
In base 16, what is -4 - d511?
-d515
In base 10, what is -48765 + 1?
-48764
In base 9, what is -28867 - -150?
-28717
In base 12, what is 100092 + -6?
100088
In base 10, what is -36512 + -5?
-36517
In base 12, what is 108 - 55?
73
In base 3, what is -20000020 - -200?
-12222120
In base 4, what is 2012232323 + -21?
2012232302
In base 16, what is -e7f2f - 5?
-e7f34
In base 15, what is 14a37 - -9?
14a41
In base 10, what is 6632 - 7?
6625
In base 5, what is -2 + 4013134?
4013132
In base 16, what is -40c5 + -1e?
-40e3
In base 3, what is 11112110122 + -1?
11112110121
In base 6, what is 1040 - 5114?
-4034
In base 12, what is 10a + 313?
421
In base 11, what is 4820a9 - 5?
4820a4
In base 10, what is 158 - 421?
-263
In base 8, what is -52365 - -3?
-52362
In base 15, what is -2e + 88b?
85c
In base 3, what is 10 - -11202120021?
11202120101
In base 10, what is 568 + -277?
291
In base 6, what is -11015 + 512?
-10103
In base 9, what is 18805726 - -5?
18805732
In base 10, what is -65 - 1113?
-1178
In base 12,